 = 399*u**2 + 413*u**2 + 410*u**2 - 1244*u**2 - 18*u - u**3 + 36. Determine f(-21).
-27
Let x be (5 + 34/(-5))*-65. Let l = x + -114. Let q(k) = k**3 - 3*k**2 - 4*k + 4. Calculate q(l).
-8
Let t(w) = -3*w - 43*w**3 - w**2 + 18 - 40*w**3 + 17 + 84*w**3 - 8. Give t(0).
27
Let r(n) = n**2 + 21. Let u(v) = -3*v + 11. Suppose -13*i + 15*i - 6 = 0. Let m be u(i). Let d be (1 - m)*0/(-2). Give r(d).
21
Let u(n) = 2*n**2 + 5*n - 3. Let s = -246 - -250. Suppose -3*q + 3*b - 2 = 22, -4*q - 3*b - s = 0. What is u(q)?
9
Let l = -5187 - -5176. Let b(p) = p**2 + 10*p - 11. Give b(l).
0
Let c(a) be the second derivative of -1/6*a**3 + 215*a + 0 + 0*a**2. What is c(-3)?
3
Let a(u) = -u**3 - 5*u**2 + 6*u - 2. Suppose 262*d + 327 = -86*d - 1761. What is a(d)?
-2
Let f(n) = n**2 - 7*n + 2. Let t(x) = -x - 8. Let z be t(-8). Suppose 5*y - 5 + 20 = z. Let q be ((-84)/20 - y)*-5. What is f(q)?
-4
Let l(q) = -48*q - 42 + 9 + 14*q + 37*q. Calculate l(18).
21
Let i(v) = v**3 - 9*v**2 - 5*v + 11. Let f(n) = 3*n**2 - 85*n + 118. Let x be f(27). Calculate i(x).
61
Let k be (-12)/(-9)*(-9)/(-6). Suppose -k*b = -5*b + 9. Let z(o) be the first derivative of o**2/2 - 4*o - 1804. Give z(b).
-1
Let c(t) = t**3 - 40*t**2 + 339*t - 36. Let v be c(12). Let a be (-7)/14 - 7/(-2). Let b(r) = 4*r + 0 - 1 - 2 - a*r. Give b(v).
-3
Let z be (-1)/2*(-8)/(-4). Let x(o) = -8*o**3 - 2*o**2 - 6*o - 113. Let g(l) = -35*l**3 - 8*l**2 - 23*l - 424. Let n(f) = -4*g(f) + 15*x(f). Give n(z).
-19
Let x be 2/9 + 196/9. Let s(k) = -x*k**2 - 1 + k**3 + 0 + 27*k**2. Suppose 4*y + 2*d = 5*y - 5, -y + 3*d = -9. What is s(y)?
17
Let s = 13 + -75. Let j = -42 - s. Let d be 24/j*10/(-4). Let m(t) = t**3 + 4*t**2 + 2*t - 3. What is m(d)?
0
Let g(f) be the second derivative of 5*f**3/3 + 23*f**2/2 + 640*f. Calculate g(-5).
-27
Let n(a) = 4*a - 78. Suppose 9*p = -16*p + 359 + 116. Determine n(p).
-2
Let r(n) = 13*n**2 - n + 1. Let v(u) = 4*u + 6. Let t be v(3). Let i = -14 + t. Suppose 0 = -i*q - 47 + 51. Give r(q).
13
Let d(o) = -2*o**2 + 46*o + 99. Suppose -2*h + 3*l + 38 = 0, 7*l - 267 = -11*h + 9*l. Determine d(h).
-1
Let v(r) be the first derivative of r**4/8 + 5*r**3/6 - 2*r**2 + 11*r + 47. Let c(u) be the second derivative of v(u). Calculate c(-4).
-7
Suppose -2*x - 5*q + 31 = 6, -3*x - 4*q = -20. Suppose x + 47 = -4*y - 5*n, 4*y - 3*n = -23. Let k(c) = c**3 + 7*c**2 - 10*c - 1. Give k(y).
15
Let o(x) = 86*x**2 - 79*x - 36. Let v(h) = 16*h**2 - 15*h - 7. Let q(w) = -2*o(w) + 11*v(w). What is q(3)?
10
Let w(l) = -5*l**2 + 20*l - 10. Let o(f) = -14*f**2 + 57*f - 5. Let m be o(4). Let t(v) = v**2 - 2*v. Let x(k) = m*w(k) - 6*t(k). Determine x(-8).
10
Let w(f) = -f. Let t(s) = 11*s - 42. Let r be t(14). Let k = r + -120. Determine w(k).
8
Let z(x) = 573 - x**2 - 4*x - 575 + 2*x + 6*x**3. Determine z(-2).
-50
Let v(y) = 8*y - 73. Let z be v(11). Suppose -2*g - z = 2*i + 1, -i = 3*g + 26. Let h(k) = -k**2 - 9*k + 6. Give h(g).
6
Let r(o) = o**2 - o - 4. Let n(w) = 13*w**2 + 37*w - 102. Let p(f) = -18*f**2 - 55*f + 153. Let q(c) = -7*n(c) - 5*p(c). Let l be q(5). Give r(l).
8
Let v be 6/(-6)*(5 + -2). Let n be 2 + -2 + v + 4. Let r(a) = 11*a - 6*a - n - 2*a. Calculate r(-2).
-7
Let b(x) = 9 + 3 + 163*x - 355*x - 13*x**2 - x**3 + 179*x. Calculate b(-12).
24
Let r(j) be the third derivative of -3*j**5/20 - j**4/24 + j**3/2 + j**2 + 62*j. Give r(1).
-7
Let m = 25 - 27. Let d(x) = -95459 + 3*x - 2*x + 2*x**2 + 95461 + x. What is d(m)?
6
Let a(j) = -j + 2. Let y(p) = 2*p - 6. Let g be y(4). Suppose 4*b - 20 = 3*k, -g*k - 3*b - 2 = -0*k. Let r = k - -10. Calculate a(r).
-4
Let b(g) = -g**2 + 50*g - 213. Let x be b(45). Let f(j) = 17*j - 208. Calculate f(x).
-4
Let z(n) = -15*n**2 + 105*n - 50. Let h(d) = 8*d**2 - 55*d + 26. Let x(f) = -11*h(f) - 6*z(f). What is x(8)?
-58
Let i(g) be the second derivative of -g**5/20 - 17*g**4/12 - 5*g**3/2 - 4*g**2 - 3*g - 146. Determine i(-16).
-24
Let m(z) be the second derivative of 310*z - 19/2*z**2 + 0 - 7/6*z**3. What is m(-3)?
2
Let s(y) = 1102*y**2 + 1099*y**2 + 8 - 2194*y**2 - y**3 - 3*y. Suppose -f = 2*f. Suppose f = t - 3*t + 14. Calculate s(t).
-13
Let w(u) = u**3 + 4*u**2 - 5*u - 12. Let l be (-8 - (25/(-7) + (-32)/(-56))) + -1. What is w(l)?
-54
Let o(x) be the first derivative of -x**4/4 + 4*x**3/3 - 6*x - 975. What is o(4)?
-6
Let p(r) = -r**2 + 3*r + 12. Suppose -3*w + z = -337, -17 = -5*w + z + 548. Suppose -19*n + 0*n = -w. What is p(n)?
-6
Let k = 10519 - 10508. Let l(g) = -g**3 + 12*g**2 - 11*g + 23. What is l(k)?
23
Suppose -7*i = -4*i + 72. Let s = i - -30. Let c(l) = -5*l**2 - 11*l + 2*l**3 - l**3 + 6*l - 8. Give c(s).
-2
Let s(g) = g + 1. Let h(k) = 14*k**2 - 8*k + 10. Let n be h(3). Suppose -4*z + n = -0*z. Suppose -29*r = -z*r + 2. What is s(r)?
-1
Let v(k) be the third derivative of 234*k**2 + 0*k**4 + 1/3*k**3 + 0 + 1/60*k**5 + 0*k. What is v(-4)?
18
Let l(p) = p**3 + 2*p + 6. Suppose t + 4 = 2*m, 227*t = -m + 231*t - 5. Calculate l(m).
39
Let t(c) be the third derivative of -c**8/6720 - c**7/630 + c**6/720 - c**5/20 + 7*c**4 + 139*c**2 + 1. Let m(k) be the second derivative of t(k). Give m(-5).
14
Let g(s) = -7*s - 8. Let u(f) = 3*f + 1. Let a(c) = g(c) + 3*u(c). Calculate a(1).
-3
Suppose 0 = -0*z + 12*z - 108. Suppose -3*l + 52 = -8. Let f(t) = 12*t**2 - z*t**2 + l - 2*t**2. What is f(0)?
20
Suppose j + 195 - 196 = 0. Let f be -2*(0 - (j + 1/2)). Let t(o) = o. Let v(r) = 7*r. Let p(i) = 5*t(i) - v(i). Determine p(f).
-6
Let l(b) = -2*b + 3. Let q be l(2). Let i(d) = -d - 93. Let u(h) = -6*h - 512. Let s(x) = 11*i(x) - 2*u(x). Give s(q).
0
Suppose 23*r + 4 = 25*r. Suppose -r*n = n. Let d be 0 + 2 + n + -10 + 7. Let x(v) = -6*v**3 - v**2 + v + 1. Determine x(d).
5
Let m(y) = -8 + 321*y - 519*y**2 - 323*y + 518*y**2. What is m(4)?
-32
Let j = 7286 - 7304. Let t(h) = -7*h - 40. Determine t(j).
86
Let i(o) = o**2 - 9*o - 3. Let z be 6 - (2 + 10/5). Let b be 282/36 - (z - 52/24). What is i(b)?
-11
Let z(l) = l**3 - 18*l**2 - 8. Let q be ((-5)/4)/((-1485)/21384). Determine z(q).
-8
Let l(x) = -3*x. Let i(u) = u**3 + 4*u**2 + u - 1. Let j be i(-3). Suppose 9*d = -11*d. Suppose 2*f + 3*p - 4 = d, 0*p = -j*p. Give l(f).
-6
Suppose 126 = -28*o + 42*o. Let g be (1 - (-1)/(-1)) + 15. Let i be (o/g)/(-1) - (-21)/35. Let k(r) = r + 2. What is k(i)?
2
Let q(i) = 29*i - 795. Let r(b) = -1219*b + 33488. Let y(x) = 253*q(x) + 6*r(x). Determine y(9).
0
Let a(c) = c + 19. Let o(t) = 30*t - 50. Let g be o(-9). Let r = -329 - g. What is a(r)?
10
Let g = 81 - 61. Let u be (-5)/g + 18/8 - 0. Let d(r) = r**3 - 52*r**u + 59*r**2 + 1 + 2*r + 0*r**3. Determine d(-6).
25
Let x(z) = -z + 1. Let a = 7 + -6. Let j(h) = -h**2 - 4*h + 3. Let q(f) = a*x(f) - j(f). Let c be 1/(-4) + (-150)/40. Determine q(c).
2
Let s(j) be the second derivative of -j**4/12 - j**3 + 17*j**2/2 + 9555*j. Give s(9).
-118
Let f(r) = -r**2 + 37*r + 9. Suppose 19*h + 17*h - 2109 = -21*h. What is f(h)?
9
Let v(n) be the second derivative of -n**5/20 - n**4/2 + 7*n**3/6 + 9*n**2/2 - 61*n - 2. Let b be 6/1 + -6 - 7. Calculate v(b).
9
Let a(k) = 4*k + 24. Let m(u) = 2*u**3 + 33*u**2 - 36*u - 328. Let q be m(-17). What is a(q)?
4
Let b(s) = -7*s**3 + 21*s**2 + 13*s - 16. Let y(r) = -11*r**3 + 32*r**2 + 20*r - 26. Let l(j) = 8*b(j) - 5*y(j). Determine l(7).
79
Let w(l) = -15 + 3*l**2 + 26 + 10 - 17 + 3*l - 2*l**3. Give w(3).
-14
Let c = -3116 + 3118. Let v be 16/10 + (-2)/(-5). Let w be c - (v - -7)/1. Let x(h) = -h**2 - 5*h + 8. Give x(w).
-6
Let u(x) = 3*x - 7. Let h(k) = 4*k - 10. Let p = 12 + -5. Let t(m) = -2*m**3 + 2*m**2 + 2*m - 1. Let n be t(2). Let b(d) = n*h(d) + p*u(d). Calculate b(4).
5
Let c(z) = -z**2 + 92*z + 46*z + 6 - 121*z. Calculate c(17).
6
Suppose 5*c + 4*o - 646 + 588 = 0, o - 2 = 0. Let t(f) = -1 + 8*f + 2 - f**2 + 7. What is t(c)?
-12
Suppose 243 + 217 = -46*g. Let t(z) = -z**3 - 11*z**2 - 2*z - 1. Give t(g).
-81
Let v(s) = -s**2 - s - 12. Let g(y) = -3*y**2 + 27*y - 49. Let w(m) = -g(m) + 5*v(m). What is w(-15)?
19
Let r be (-6)/(-21) + (-60)/14. Let m(k) be the first derivative of -k**3/3 + k**2/2 - 118. Give m(r).
-20
Let c(l) = l**3 - 2*l**2 - l. Suppose 9*b = 2*b + 21. Suppose p = -2*s - 3, -4*p - p - b*s + 6 = 0. Calculate c(p).
6
Let a(c) = -11*c**2 - 50*c - 94. Let j(k) = -5*k**2